92693
-958bac (base 16) to base 4
-211120232230
3609343 (base 11) to base 12
2136002
Convert -2a2308 (base 15) to base 4.
-13300030301
What is 120143 (base 8) in base 10?
41059
What is -10011011111100001101 (base 2) in base 15?
-c93c3
What is 2143030304 (base 5) in base 7?
54410525
Convert -171270 (base 9) to base 6.
-2134230
Convert 265220 (base 15) to base 7.
21432003
Convert -172507 (base 10) to base 6.
-3410351
Convert 8b217 (base 16) to base 10.
569879
What is 111314022 (base 5) in base 3?
221010212011
What is 2894e5 (base 15) in base 11?
1116001
What is -10313222 (base 4) in base 7?
-112103
What is 100010121220200 (base 3) in base 9?
10117820
Convert -ea6bf (base 16) to base 3.
-1210210010122
Convert 12322013003 (base 4) to base 10.
1810883
What is 532614 (base 7) in base 16?
16845
Convert 10101110100111101100 (base 2) to base 12.
2a5ab8
What is 284c0 (base 14) in base 16?
18598
Convert -457054 (base 13) to base 7.
-16653220
Convert -230010 (base 7) to base 8.
-117570
Convert 1168172 (base 9) to base 7.
5255513
What is -3547583 (base 9) in base 7?
-22221510
Convert 2012102000 (base 3) to base 12.
21090
Convert b225a (base 13) to base 6.
10500430
What is -71472 (base 12) in base 2?
-100100000001010110
What is -4141420242 (base 5) in base 4?
-200212030300
Convert 43532734 (base 8) to base 6.
532243220
1410301343 (base 5) to base 10
3603348
Convert 174664a (base 13) to base 8.
34642472
Convert 603613 (base 7) to base 15.
2041a
What is -5bac36 (base 15) in base 9?
-8231256
Convert 77176 (base 11) to base 9.
180573
Convert 11111000000100001 (base 2) to base 10.
127009
What is -2020122102 (base 3) in base 12?
-21702
626849 (base 10) to base 3
1011211212122
Convert -1310343 (base 7) to base 15.
-35869
What is 1aeb1 (base 15) in base 16?
1568b
Convert -14d48 (base 16) to base 3.
-11100001000
Convert dc018 (base 14) to base 7.
4345031
What is a2b013 (base 12) in base 15?
355310
424314113 (base 5) to base 9
3330770
What is 34c653 (base 13) in base 15?
19c049
What is -232431 (base 7) in base 3?
-2010020020
-365b2 (base 15) to base 11
-109322
What is 1000110111001110101 (base 2) in base 8?
1067165
Convert 203157 (base 11) to base 9.
546511
Convert b8934 (base 15) to base 8.
2170335
What is 2361618 (base 9) in base 12?
51912b
-18b8e2 (base 15) to base 13
-331a4b
bd5041 (base 14) to base 6
345445013
Convert 112160 (base 7) to base 3.
1000102012
What is -10012211121220 (base 3) in base 12?
-6a5180
Convert -1237235 (base 8) to base 9.
-573428
What is c96aa (base 13) in base 12?
15654b
Convert -9d43b (base 16) to base 6.
-21450111
-2bc8d (base 15) to base 13
-4c372
2886131 (base 10) to base 3
12102122000202
-16b83d9 (base 14) to base 16
-aaecfb
Convert 441442 (base 6) to base 10.
36674
What is -4abb78 (base 14) in base 9?
-4743444
Convert 209479 (base 10) to base 2.
110011001001000111
What is -4304143 (base 6) in base 9?
-351240
-48757b (base 12) to base 5
-300033002
Convert -240304121 (base 5) to base 10.
-1103661
What is -40c292 (base 16) in base 6?
-230544402
What is 834191 (base 10) in base 8?
3135217
23089 (base 12) to base 15
dcc6
What is 22221220020210 (base 3) in base 7?
55320201
What is 12532356 (base 8) in base 16?
2ab4ee
5770e (base 16) to base 6
11402050
What is -22047434 (base 8) in base 7?
-55164605
What is 10010011220002 (base 3) in base 16?
19486a
What is -5630ba (base 15) in base 11?
-2358665
86c54 (base 14) to base 2
1001111101001001010
What is -3102330 (base 5) in base 11?
-34904
What is e3a8 (base 15) in base 10?
48083
-322bb (base 14) to base 3
-20011101100
22012110110211 (base 3) to base 16
42837d
Convert -3455325 (base 6) to base 13.
-63497
-4460234 (base 8) to base 14
-234cb2
Convert -52423350 (base 6) to base 7.
-15661164
Convert 1a93668 (base 12) to base 6.
321244212
-52566 (base 9) to base 2
-1000011110101000
-5255203 (base 9) to base 13
-775b75
Convert 2b580 (base 15) to base 9.
232463
-5346334 (base 8) to base 9
-2616724
Convert 221033300132 (base 4) to base 15.
e38a4b
What is -148967 (base 12) in base 7?
-2643406
What is 3463145 (base 7) in base 16?
6a5ec
Convert -6541265 (base 7) to base 15.
-10c09b
Convert 324a74 (base 12) to base 15.
10ae8d
Convert 143052004 (base 7) to base 2.
100011111100111011100111
Convert 24423a (base 14) to base 10.
1240732
Convert -10553 (base 6) to base 7.
-4254
What is 113300313 (base 4) in base 12?
483b3
Convert -1b36b00 (base 12) to base 4.
-112013112300
-36959 (base 10) to base 15
-ae3e
403205 (base 7) to base 2
10000101100001000
66cb03 (base 13) to base 6
124005422
Convert 11214132432 (base 5) to base 8.
60173150
-e03ab (base 16) to base 2
-11100000001110101011
What is 658147 (base 9) in base 10?
393055
Convert 3b7972 (base 12) to base 10.
988070
-27126123 (base 8) to base 7
-102423533
Convert -31212101 (base 4) to base 6.
-1105505
What is 44452403 (base 7) in base 12?
1355072
What is 415326 (base 7) in base 8?
213527
Convert -10225045 (base 6) to base 9.
-505362
Convert -22302415 (base 6) to base 3.
-1021101210202
-42202034 (base 6) to base 16
-12c106
What is -2000002211211 (base 3) in base 4?
-10003333330
What is 67b65 (base 14) in base 5?
31030244
-3110122201 (base 4) to base 7
-10252405
Convert 142773 (base 9) to base 3.
11102212110
Convert -413121 (base 6) to base 15.
-9c17
What is -10710269 (base 10) in base 12?
-37060a5
Convert -17214260 (base 8) to base 9.
-7472426
What is 230230032331 (base 4) in base 3?
211001012200001
Convert 102221333 (base 5) to base 14.
b27b3
What is -2011011244 (base 5) in base 13?
-aa1069
Convert -822b (base 16) to base 3.
-1200201012
Convert -6030076 (base 8) to base 3.
-2222112111122
What is 51a67 (base 12) in base 2?
11010000110101111
What is -1863685 (base 9) in base 6?
-34230205
What is 902 (base 16) in base 3?
10011102
What is 2220122210 (base 3) in base 12?
29226
Convert -3731a (base 11) to base 9.
-81502
205514555 (base 6) to base 16
377267
What is -1300003200 (base 4) in base 3?
-212022121010
Convert -1bac15 (base 14) to base 7.
-11262625
Convert -101110212 (base 3) to base 9.
-11425
-e53802 (base 16) to base 11
-8530349
What is -520e7 (base 16) in base 15?
-698bd
What is 17a4906 (base 11) in base 10?
3051747
What is 28182123 (base 9) in base 13?
2b6994a
What is 11686371 (base 10) in base 12?
3ab6b43
-100000100111000100 (base 2) to base 11
-9139a
201300123 (base 4) to base 13
4ac1c
What is -11210110012 (base 3) in base 10?
-94370
Convert -124a38 (base 13) to base 2.
-1101011001010011100
26012363 (base 7) to base 2
1000111111010000100011
-204542 (base 9) to base 6
-2334145
Convert -1814d (base 14) to base 7.
-341526
What is 19037 (base 14) in base 13?
22997
What is -44454524 (base 6) in base 7?
-14301214
Convert -10387 (base 11) to base 7.
-62010
-23fb28 (base 16) to base 15
-318a3b
What is -15909 (base 16) in base 9?
-144143
Convert -316066 (base 9) to base 14.
-4c7ca
What is 1247b7 (base 13) in base 6?
13222132
Convert 14d4e (base 15) to base 6.
1234432
-10001220021120 (base 3) to base 12
-668336
What is 1d2ac (base 15) in base 11?
65506
What is 1000111010100111 (base 2) in base 8?
107247
Convert -416b (base 15) to base 11.
-a42a
-16ce4 (base 15) to base 9
-122187
122873 (base 11) to base 7
1435503
What is 122220221100222 (base 3) in base 9?
18827328
What is 326011 (base 9) in base 10?
194653
Convert -327486 (base 9) to base 5.
-22231044
What is 34312410 (base 5) in base 8?
1130036
463513 (base 9) to base 16
43e96
-134112214 (base 5) to base 14
-140051
What is -40151551 (base 6) in base 12?
-4685b7
Convert -6068 (base 9) to base 4.
-1011110
Convert 121201120001 (base 3) to base 4.
1100113201
What is 205516 (base 9) in base 8?
356463
20115003 (base 6) to base 4
2023022223
-3a68 (base 16) to base 4
-3221220
Convert 1111212201001 (base 3) to base 16.
c46f9
What is -213023110 (base 6) in base 5?
-1432014133
33300414 (base 5) to base 9
482727
-20232303322 (base 4) to base 16
-22ecfa
What is 206417 (base 9) in base 2?
11101111110111100
Convert 14183b (base 13) to base 5.
111123021
Convert -11122221002110 (base 3) to base 5.
-1113304131
-4079a3 (base 14) to base 11
-125418a
Convert 304301421 (base 6) to base 11.
2a65866
Convert 10414361 (base 7) to base 8.
3323416
Convert -50425254 (base 6) to base 7.
-15123253
Convert -329717 (base 10) to base 11.
-20